omposite?
True
Is 184901 prime?
True
Is 32729 a composite number?
True
Is 2346145 a prime number?
False
Is 264433 prime?
False
Is 3574 prime?
False
Is 23227 prime?
True
Is 19439 prime?
False
Is 174869 a composite number?
True
Is 571957 a prime number?
False
Is 215015 a prime number?
False
Is 8941 a prime number?
True
Is 1523 a prime number?
True
Is 855367 a composite number?
True
Is 309433 a prime number?
True
Is 729835 a prime number?
False
Is 12037 prime?
True
Is 19174 composite?
True
Is 46003 composite?
True
Is 631 prime?
True
Is 17011 prime?
True
Is 32989 a prime number?
False
Is 226531 a prime number?
True
Is 107633 prime?
False
Is 1890191 composite?
True
Is 26165 composite?
True
Is 53767 a composite number?
True
Is 20911 prime?
False
Is 2453 a prime number?
False
Is 35729 a prime number?
True
Is 505871 composite?
False
Is 8249 a composite number?
True
Is 2099 a prime number?
True
Is 10007 a composite number?
False
Is 202547 a composite number?
True
Is 81211 a composite number?
True
Is 3151813 composite?
True
Is 152245 a prime number?
False
Is 12439 a composite number?
True
Is 519 a prime number?
False
Is 88373 composite?
True
Is 20077 prime?
False
Is 2221269 composite?
True
Is 504633 a prime number?
False
Is 451 composite?
True
Is 616093 composite?
True
Is 117017 a prime number?
True
Is 64739 a prime number?
False
Is 17401 a composite number?
False
Is 19957 a prime number?
False
Is 8441 a prime number?
False
Is 779609 composite?
False
Is 673045 a composite number?
True
Is 252313 a prime number?
True
Is 173737 a composite number?
True
Is 43379 prime?
False
Is 11483 prime?
True
Is 25969 prime?
True
Is 29047 a composite number?
True
Is 370499 a composite number?
True
Is 20543 composite?
False
Is 37255 a prime number?
False
Is 221621 a prime number?
True
Is 2007413 a prime number?
False
Is 10873 composite?
True
Is 358321 a composite number?
True
Is 21729 a composite number?
True
Is 25111 a composite number?
False
Is 2656493 composite?
True
Is 287701 composite?
False
Is 309877 prime?
True
Is 158435 a prime number?
False
Is 115243 composite?
True
Is 74567 composite?
False
Is 50849 a prime number?
True
Is 125807 a composite number?
True
Is 92731 prime?
False
Is 11113 composite?
False
Is 17257 a prime number?
True
Is 821573 a composite number?
False
Is 13119 prime?
False
Is 532949 prime?
True
Is 346637 a composite number?
True
Is 4633 composite?
True
Is 270383 composite?
True
Is 4255181 a prime number?
False
Is 146 composite?
True
Is 17709 prime?
False
Is 664333 a prime number?
False
Is 13649 composite?
False
Is 125551 a composite number?
False
Is 100019 composite?
False
Is 4197 composite?
True
Is 8907 a prime number?
False
Is 263513 a composite number?
False
Is 12131 composite?
True
Is 10483 a prime number?
False
Is 751 composite?
False
Is 11579 prime?
True
Is 2999 composite?
False
Is 407263 composite?
False
Is 313597 a composite number?
False
Is 84011 prime?
True
Is 28921 prime?
True
Is 272869 a composite number?
True
Is 1236047 a composite number?
True
Is 64023 a prime number?
False
Is 19913 a composite number?
False
Is 23299 composite?
True
Is 15109 prime?
False
Is 1540423 prime?
True
Is 697 composite?
True
Is 2142509 composite?
True
Is 5141 prime?
False
Is 64433 prime?
True
Is 4727 composite?
True
Is 3417835 a composite number?
True
Is 10409 composite?
True
Is 959 prime?
False
Is 188107 composite?
False
Is 270059 a composite number?
False
Is 15479 a prime number?
False
Is 129715 a composite number?
True
Is 1303145 composite?
True
Is 480707 a composite number?
False
Is 234743 prime?
True
Is 123953 prime?
True
Is 1084493 prime?
True
Is 29917 prime?
True
Is 29647 prime?
False
Is 628255 a prime number?
False
Is 10559 a prime number?
True
Is 36097 a composite number?
False
Is 2362 a composite number?
True
Is 7993 a prime number?
True
Is 14519 composite?
False
Is 60523 prime?
False
Is 5097 composite?
True
Is 3541 prime?
True
Is 43273 composite?
True
Is 25421 a prime number?
False
Is 84173 composite?
True
Is 19273 composite?
False
Is 6007 prime?
True
Is 6449 composite?
False
Is 341053 prime?
False
Is 178999 a prime number?
False
Is 10265 a composite number?
True
Is 4681 a prime number?
False
Is 21977 a prime number?
True
Is 164513 a composite number?
False
Is 766239 prime?
False
Is 2557297 composite?
False
Is 155029 prime?
False
Is 57637 a prime number?
True
Is 29846 a prime number?
False
Is 17623 composite?
False
Is 40969 a composite number?
True
Is 2611 prime?
False
Is 941 composite?
False
Is 38989 a composite number?
True
Is 1163251 a composite number?
False
Is 162326 a composite number?
True
Is 2539 composite?
False
Is 371447 a composite number?
False
Is 79 prime?
True
Is 3269 prime?
False
Is 646577 prime?
True
Is 2459437 a prime number?
True
Is 120245 a composite number?
True
Is 315313 prime?
True
Is 9263 a composite number?
True
Is 3863 a composite number?
False
Is 1083887 composite?
True
Is 84401 a composite number?
False
Is 157103 a composite number?
False
Is 379105 a prime number?
False
Is 26921 composite?
False
Is 196727 a prime number?
True
Is 15013 a composite number?
False
Is 590407 a prime number?
True
Is 150743 a prime number?
True
Is 2017 a prime number?
True
Is 149 composite?
False
Is 877 composite?
False
Is 2129 a composite number?
False
Is 12949 a composite number?
True
Is 31173 a prime number?
False
Is 973877 prime?
False
Is 8081 a composite number?
False
Is 171829 composite?
True
Is 12895 composite?
True
Is 42037 composite?
True
Is 959143 prime?
True
Is 21711 prime?
False
Is 203549 a composite number?
False
Is 205339 composite?
False
Is 30878 a composite number?
True
Is 171181 a prime number?
False
Is 73237 prime?
True
Is 12323 composite?
False
Is 6947 composite?
False
Is 7769 composite?
True
Is 1259 a composite number?
False
Is 410947 a prime number?
False
Is 97447 a composite number?
True
Is 117899 composite?
False
Is 1016101 a prime number?
False
Is 19157 composite?
False
Is 1643639 prime?
True
Is 484193 a prime number?
True
Is 3847 prime?
True
Is 16519 a prime number?
True
Is 4171 a composite number?
True
Is 142361 composite?
True
Is 1036505 a composite number?
True
Is 150697 a prime number?
True
Is 6469 composite?
False
Is 586977 a composite number?
True
Is 10033 composite?
True
Is 130003 a composite number?
False
Is 2671 a composite number?
False
Is 265427 prime?
True
Is 92593 a prime number?
True
Is 4391 prime?
True
Is 6803 a prime number?
True
Is 2395 a prime number?
False
Is 2161 a composite number?
False
Is 749135 prime?
False
Is 25261 prime?
True
Is 1264637 prime?
False
Is 527869 composite?
False
Is 48799 a prime number?
True
Is 492251 a composite number?
False
Is 1234099 composite?
False
Is 3077 a composite number?
True
Is 54683 prime?
False
Is 22567 a composite number?
False
Is 2635265 composite?
True
Is 790073 a prime number?
False
Is 18013 a composite number?
False
Is 603419 a prime number?
False
Is 21 a composite number?
True
Is 20477 composite?
False
Is 16301 a composite number?
False
Is 587 a prime number?
True
Is 64673 a composite number?
True
Is 1607545 a prime number?
False
Is 126937 a composite number?
True
Is 525127 a composite number?
False
Is 318907 a composite number?
False
Is 90121 a composite number?
False
Is 352537 prime?
False
Is 24445 prime?
False
Is 12959 a prime number?
True
Is 112543 a composite number?
False
Is 97009 prime?
False
Is 33377 a prime number?
True
Is 3985 a composite number?
True
Is 1560953 prime?
True
Is 1619 prime?
True
Is 125249 composite?
True
Is 62029 composite?
True
Is 77893 composite?
False
Is 53939 composite?
False
Is 92257 a composite number?
True
Is 5533 prime?
False
Is 941 a prime number?
True
Is 431191 a prime number?
True
Is 47581 a prime number?
True
Is 17377 prime?
True
Is 24263 a prime number?
False
Is 1309801 a prime number?
True
Is 59191 prime?
False
Is 23857 a prime number?
True
Is 700913 a prime number?
False
Is 554549 a prime number?
False
Is 1708609 a prime number?
False
Is 1603433 prime?
False
Is 9677 a composite number?
False
Is 169049 composite?
False
Is 67 a prime number?
True
Is 3464635 composite?
True
Is 149959 a prime number?
False
Is 6433 a composite number?
True
Is 9235 a composite number?
True
Is 9293 a prime number?
True
Is 201853 prime?
False